 is divided by 1921.
3
What is the remainder when 8727101 is divided by 545438?
93
What is the remainder when 1440369 is divided by 49666?
55
What is the remainder when 3257365 is divided by 108578?
25
Calculate the remainder when 4813550 is divided by 22813.
7
Calculate the remainder when 67576 is divided by 67211.
365
What is the remainder when 3461336 is divided by 3461220?
116
Calculate the remainder when 143906169 is divided by 6302.
6301
What is the remainder when 316914339 is divided by 31294?
1
What is the remainder when 9809510 is divided by 39?
35
Calculate the remainder when 4315580 is divided by 81426.
2
Calculate the remainder when 1705147 is divided by 12093.
34
Calculate the remainder when 1689290 is divided by 450.
440
Calculate the remainder when 101087 is divided by 1773.
26
What is the remainder when 155405 is divided by 1153?
903
Calculate the remainder when 31211318 is divided by 441.
425
Calculate the remainder when 24725588 is divided by 8241856.
20
What is the remainder when 6687 is divided by 104?
31
What is the remainder when 4713162 is divided by 4874?
4
What is the remainder when 34133 is divided by 10419?
2876
What is the remainder when 850635 is divided by 283433?
336
What is the remainder when 22281 is divided by 696?
9
What is the remainder when 1464053661 is divided by 1601?
1600
What is the remainder when 378238 is divided by 2233?
861
What is the remainder when 88731 is divided by 1517?
745
What is the remainder when 32091703 is divided by 1696?
1687
What is the remainder when 5814871 is divided by 1994?
367
What is the remainder when 613533 is divided by 2?
1
Calculate the remainder when 2359 is divided by 479.
443
What is the remainder when 598653 is divided by 103?
17
What is the remainder when 3478387 is divided by 135?
112
What is the remainder when 21523073 is divided by 1900?
1773
What is the remainder when 20625086 is divided by 2265?
2261
What is the remainder when 7803730 is divided by 7?
4
What is the remainder when 7399670 is divided by 384?
374
Calculate the remainder when 133750 is divided by 131.
130
Calculate the remainder when 12228874 is divided by 1363.
38
Calculate the remainder when 501007 is divided by 125043.
835
Calculate the remainder when 14556 is divided by 3576.
252
What is the remainder when 3408 is divided by 117?
15
What is the remainder when 21463764 is divided by 545?
29
Calculate the remainder when 5954027 is divided by 38.
35
What is the remainder when 839324 is divided by 117?
83
Calculate the remainder when 79174661 is divided by 727.
726
What is the remainder when 1640370 is divided by 90?
30
What is the remainder when 259219 is divided by 209?
59
What is the remainder when 70515314 is divided by 35257630?
54
Calculate the remainder when 1884211 is divided by 536.
171
What is the remainder when 1804222 is divided by 16109?
14
Calculate the remainder when 198388 is divided by 3420.
28
What is the remainder when 147910 is divided by 18388?
806
What is the remainder when 8603728 is divided by 89?
9
Calculate the remainder when 173528 is divided by 489.
422
What is the remainder when 1211233 is divided by 1211225?
8
What is the remainder when 143978643 is divided by 11032?
11
Calculate the remainder when 2037997 is divided by 6120.
37
What is the remainder when 65139 is divided by 308?
151
Calculate the remainder when 51031396 is divided by 37.
34
What is the remainder when 622319956 is divided by 7367?
7365
What is the remainder when 2195939 is divided by 28518?
53
Calculate the remainder when 485029 is divided by 6828.
241
Calculate the remainder when 298161 is divided by 3354.
3009
Calculate the remainder when 621187 is divided by 475.
362
Calculate the remainder when 36763 is divided by 1644.
595
What is the remainder when 78013 is divided by 1197?
208
Calculate the remainder when 1612350 is divided by 70.
40
What is the remainder when 8011042 is divided by 801100?
42
Calculate the remainder when 80052 is divided by 170.
152
What is the remainder when 1193372 is divided by 36?
8
Calculate the remainder when 118667 is divided by 8487.
8336
What is the remainder when 77248 is divided by 3498?
292
What is the remainder when 32715587 is divided by 24?
11
Calculate the remainder when 22781 is divided by 2001.
770
Calculate the remainder when 9648335 is divided by 964828.
55
What is the remainder when 9246513 is divided by 151582?
11
What is the remainder when 23915 is divided by 11558?
799
What is the remainder when 6750684 is divided by 610?
424
What is the remainder when 249846 is divided by 27751?
87
Calculate the remainder when 252837 is divided by 4594.
167
What is the remainder when 6560722 is divided by 3280356?
10
Calculate the remainder when 17078151 is divided by 22.
13
What is the remainder when 15128 is divided by 155?
93
Calculate the remainder when 362279 is divided by 27.
20
Calculate the remainder when 6119302 is divided by 6119079.
223
What is the remainder when 133122120 is divided by 28?
12
What is the remainder when 64458898 is divided by 3300?
3298
What is the remainder when 15790515 is divided by 6?
3
Calculate the remainder when 2397087 is divided by 1305.
1107
What is the remainder when 46734595 is divided by 39174?
13
What is the remainder when 319830432 is divided by 5467?
5465
What is the remainder when 53731 is divided by 25053?
3625
Calculate the remainder when 25430648 is divided by 825.
23
What is the remainder when 1176682 is divided by 196082?
190
Calculate the remainder when 2261915 is divided by 874.
3
What is the remainder when 852788637 is divided by 12?
9
Calculate the remainder when 6147046 is divided by 307352.
6
Calculate the remainder when 6124053 is divided by 1020655.
123
What is the remainder when 249296 is divided by 50?
46
Calculate the remainder when 23062213 is divided by 223.
222
What is the remainder when 199680 is divided by 323?
66
What is the remainder when 17141 is divided by 5469?
734
What is the remainder when 915570 is divided by 915558?
12
What is the remainder when 432404 is divided by 572?
544
What is the remainder when 453945 is divided by 99?
30
What is the remainder when 180122 is divided by 5325?
4397
Calculate the remainder when 51471 is divided by 34.
29
Calculate the remainder when 5751393 is divided by 15056.
1
What is the remainder when 14838364 is divided by 1483835?
14
Calculate the remainder when 47942077 is divided by 1546518.
19
What is the remainder when 5259195 is divided by 1753060?
15
Calculate the remainder when 4123261 is divided by 107.
16
Calculate the remainder when 11115371 is divided by 50755.
26
Calculate the remainder when 94357 is divided by 47150.
57
What is the remainder when 1917174 is divided by 5509?
42
Calculate the remainder when 4089 is divided by 60.
9
Calculate the remainder when 6635137 is divided by 522.
517
What is the remainder when 23673817 is divided by 35?
27
Calculate the remainder when 318492 is divided by 63346.
1762
Calculate the remainder when 7477830 is divided by 7477819.
11
Calculate the remainder when 610916 is divided by 75.
41
What is the remainder when 210929 is divided by 70301?
26
What is the remainder when 267659194 is divided by 200?
194
What is the remainder when 22710 is divided by 18640?
4070
What is the remainder when 1523780 is divided by 658?
510
What is the remainder when 6153675 is divided by 217?
206
What is the remainder when 346172 is divided by 57666?
176
What is the remainder when 11333843 is divided by 291?
266
Calculate the remainder when 21404 is divided by 9285.
2834
Calculate the remainder when 4189618 is divided by 17.
2
Calculate the remainder when 79259 is divided by 96.
59
What is the remainder when 261325 is divided by 1493?
50
Calculate the remainder when 41730 is divided by 41508.
222
Calculate the remainder when 34881134 is divided by 1866.
1862
Calculate the remainder when 55437 is divided by 790.
137
Calculate the remainder when 4036697 is divided by 188.
149
What is the remainder when 10363895 is divided by 108?
107
Calculate the remainder when 813977 is divided by 3539.
7
Calculate the remainder when 84285 is divided by 10474.
493
What is the remainder when 16209 is divided by 5221?
546
What is the remainder when 34178250 